3*z. What is the tens digit of h?
6
Let g(q) be the first derivative of -87*q**2/2 - 18*q + 30. What is the hundreds digit of g(-3)?
2
Suppose 24 + 1 = 5*w - j, 4*w - 2*j = 26. What is the units digit of (-38)/w*-4*8/16?
9
Suppose -6*b + 4*b + 2 = 0. Let x = b + 194. Suppose -44*v + 47*v - x = 0. What is the units digit of v?
5
Let l = 1208 + -2397. Let t = -404 - l. What is the tens digit of t?
8
Let h(n) = -2*n - 41. Let o be h(-21). What is the hundreds digit of (3681*(-6)/(-18))/(0 + o)?
2
Let b = 150 - -4. Suppose z - b = 212. What is the hundreds digit of z?
3
Suppose -174 = -10*l + 356. Suppose -l*b + 55*b = 3598. What is the tens digit of b?
9
Let z be (-1)/((-8)/(-104))*(5 + 0). Let c = z - -220. What is the tens digit of c?
5
Let o be 6/48 - 412/(-32). Let l(z) = z - 11. Let v be l(o). Suppose -v*x - 80 = -5*d, 9*d - x - 47 = 6*d. What is the tens digit of d?
1
Suppose 2*o + 27 = -11. Let g = o - 3. Let i(s) = s + 35. What is the units digit of i(g)?
3
Let v = -236 + 485. Let w = -230 + v. What is the units digit of w?
9
Let a(c) = c**2 + 6*c + 10. Let r be a(-6). Suppose 12*t + 234 = r*t. What is the units digit of 3 + -1 - t/1?
9
Suppose -2*u - 372*j + 377*j = -65654, 5*u = -3*j + 164197. What is the ten thousands digit of u?
3
Suppose -90002 = -2*t - 7*b + 5*b, 135048 = 3*t - 2*b. What is the thousands digit of t?
5
Let d(f) = -101*f + 5 + 90*f - 3*f**2 - 5*f**2 + 3*f**3. What is the units digit of d(7)?
5
Let k(x) = 475*x + 56. What is the hundreds digit of k(20)?
5
Let m(h) = h**2 + h - 11. Let w be m(5). Let r = -2 + w. Let o = 64 - r. What is the units digit of o?
7
Let k = 32314 + -13089. What is the hundreds digit of k?
2
Let h(s) = s**3 + 3*s**2 + 14*s - 1. Let d be h(13). Suppose -2*k = -i - 6*k + 935, -4*k = -3*i + d. What is the units digit of i?
5
Let x = -83 - -81. What is the units digit of (3/x)/(1 + (-555)/554)?
1
Suppose d + 4*c - 2931 = 0, 5*c + 3 = -2. Let v = 4468 - d. What is the thousands digit of v?
1
Suppose 0 = x + 6*x - 28. Let w(z) = 7 - 18 + 13*z + 15*z. What is the hundreds digit of w(x)?
1
Let b = -7 - -23. Suppose -12*g + b*g - 1764 = 0. Suppose 3*r - 10*r = -g. What is the tens digit of r?
6
Suppose 5*w + 5 = 0, 0 = -3*h - 4*w + 20679 + 9260. What is the thousands digit of h?
9
Let c be 0 + 0 - 9/(-3). Suppose -3*t = 2*r - 203, -c*r = 2*r + t - 501. What is the units digit of r?
0
Suppose 4*s + 160*p - 157*p = 89495, -p = -3*s + 67144. What is the ten thousands digit of s?
2
Let k be 2*62/12 + 6/(-18). Suppose -2*h - k*h = -5124. What is the hundreds digit of h?
4
Suppose -159*n + 158*n = 3*b - 221, 3*b = 4*n - 914. What is the hundreds digit of n?
2
Let l(k) = 148*k**2 - 7*k + 72. What is the thousands digit of l(-8)?
9
Suppose -163377 = 19*i - 1010226. What is the thousands digit of i?
4
Let i(a) = 11007*a**2 + 1. Let p be i(-1). Suppose 6*c - 4 = 4*c, 4*c = 3*w - p. Suppose 16*m = -m + w. What is the hundreds digit of m?
2
Suppose -2*n + 6*n = -3*q + 13, 5*q - n - 60 = 0. Let k(t) be the second derivative of t**3/3 + 4*t**2 + 4*t - 13. What is the tens digit of k(q)?
3
Let q be (20 - 19)*(32 - 0). What is the hundreds digit of (33 - q - 5/(-1)) + 673?
6
Let u be -4 + (-5*6)/(2/(-64)). Suppose 7*q = 4*f + 3*q + u, -1202 = 5*f + 2*q. Let s = f - -473. What is the hundreds digit of s?
2
Let y(t) = 22*t**2 + 5*t + 225. What is the tens digit of y(19)?
6
What is the units digit of 14 + -3952*39/(-26)?
2
What is the ten thousands digit of 2/(-3)*(10 - (-9 - 320049/(-18)))?
1
Suppose 0 = 3*q - 9, -4*q = 3*c - 15416 - 9526. What is the thousands digit of c?
8
Suppose -5*p - 442 = -2*n, p - 182 = -2*n + 236. What is the units digit of n?
1
Let n(x) be the second derivative of 2*x**3/3 + 11*x**2/2 - 6*x. Let u be n(-4). What is the units digit of (-2)/(-5)*(u - (-15)/2)?
1
Let q = -58 - -61. Suppose 203 = 10*b - q*b. What is the tens digit of b?
2
Suppose l = -3*m + 207050, 177*l + 276070 = 4*m + 179*l. What is the thousands digit of m?
9
Suppose 1120 = 12*q - 128. Suppose q = 6*l + 7*l. What is the tens digit of (3 - 20/l)/((-4)/(-1488))?
8
Suppose -4*s + 4 = -4*n + 8, -2*s = 5*n - 26. Let d = 29 - 29. Suppose d = -m - s*r + 88, -2*m + 132 = r - 44. What is the tens digit of m?
8
Let p(i) = 8*i - 19. Suppose 0 = -2*v - v + 4*h + 18, h - 1 = -2*v. Suppose -5 = -v*a + 5. What is the units digit of p(a)?
1
Let h be 1*(1 + 3)/((-14)/(-49)). Suppose -6*r = -h*r + 2848. What is the hundreds digit of r?
3
Suppose 345 = 17*p - 18*p. Let b = 1256 + p. What is the hundreds digit of b?
9
Let g(y) = y**3 + 6*y**2 + 7*y - 13. Let h be g(5). Let l = h - 245. What is the units digit of l?
2
Let d be (3 - (-15)/(-3))/(4/(-24)). What is the units digit of (-54)/324 - (-686)/d?
7
Suppose -764*s + 749*s = -530310. What is the thousands digit of s?
5
Suppose 2*o = -4, k - 2*o = 3*k - 558. Let t = 627 - k. What is the tens digit of t?
4
Let j = 47 - 98. Let a = 56 + j. Suppose a*x - 8*x = -315. What is the hundreds digit of x?
1
What is the units digit of -12 + 38*(-1310)/(-10)?
6
Let g = 125 + -120. Suppose -4*u - 28 = -g*u. What is the tens digit of u?
2
Let k be -3 + 4*-29*-2. Let m = 361 + -359. Suppose -27 - k = -m*b. What is the tens digit of b?
2
Suppose 52*g - 20*g + 108*g = 3949120. What is the thousands digit of g?
8
Suppose -6239372 = -131*n + 2573475 - 927826. What is the thousands digit of n?
0
Let k = 39779 + -17059. What is the thousands digit of k?
2
Suppose -5*a = 4*k - 41, -11 = 4*k - 5*a - 42. Let z = 8 - k. What is the units digit of (32/40)/(z/(-10))?
8
Suppose 3*y = y + 5*g + 1621, -4*y + 3272 = -4*g. Suppose 10*l - y = 107. What is the tens digit of l?
9
What is the ten thousands digit of (60/90)/(6/141174)?
1
Let a(u) = -199*u - 1136. What is the tens digit of a(-100)?
6
Suppose -2*t + 1473 = -5*t + 3*a, 0 = -5*t - 2*a - 2462. Let g = -180 - t. What is the units digit of g?
2
Let m = -15702 - -23565. What is the units digit of m?
3
Suppose -24*f + 103700 = -13*f + 9*f. What is the hundreds digit of f?
1
Suppose -7*h + 10*h - w - 35338 = 0, -5*w - 47132 = -4*h. Suppose -h = -18*z + 3036. What is the tens digit of z?
2
Let t = 9153 + 12735. What is the tens digit of t?
8
Let g(p) = -p**2 - 10*p + 3. Let m be g(-9). Let n be m/(-48) + 17/4. Suppose -124 = -4*h - 4*w, 0 = -2*h + 4*w - n + 42. What is the tens digit of h?
2
Let z be (20/(-12))/(((-16)/4)/48). Suppose z*u - 9*u - 4257 = 0. What is the units digit of u?
7
What is the units digit of 8/(-176)*6 + (-618316)/(-22)?
5
Let j = 56 - 54. Suppose 5*t = 3*x - 0*t + 6, 5*t - 21 = -j*x. Suppose x*d + 189 = 2*q, 5*q - 253 - 247 = 2*d. What is the tens digit of q?
0
Suppose o = 91*o - 5134590. What is the ten thousands digit of o?
5
Let w(o) = o**2 + 9*o - 7*o**2 - 2 - 1097*o**3 + 7*o**2 + 9*o**2. What is the units digit of w(-1)?
6
Let v(o) be the second derivative of o**4/3 + 2*o**3/3 + 20*o**2 - 110*o. What is the hundreds digit of v(8)?
3
Suppose -3*r = -5*u + 92897, 7*u - 3*u = 19*r + 74301. What is the thousands digit of u?
8
Let a be (1 + -5)*1/(4/10). What is the hundreds digit of (-15110)/(-45) + a/(-45)?
3
Suppose -29*m + 81*m - 75452 = 0. What is the thousands digit of m?
1
Let b = 4466 + 1953. Suppose 10*g = b - 2389. What is the hundreds digit of g?
4
Suppose -5*z + 20 = -z. Suppose -24 = -2*r + 4*p, 2*r + z*p + 3 = -0*p. Let c(q) = 2*q**3 - 9*q**2 + 15*q - 7. What is the hundreds digit of c(r)?
1
Suppose 5*o + 25 = -4*a, 3*a + o + 0*o + 5 = 0. Suppose a = 9*y - 2*y - 616. What is the units digit of y?
8
Suppose -57887 = 125*d - 130*d + q, 5*d + 3*q = 57859. What is the units digit of d?
6
Let o be (-1 + -2)*-53 - -4. Let k = 99 + o. Suppose -2*d + k = c, -306 = -c + d - 47. What is the hundreds digit of c?
2
What is the tens digit of (-360)/(-270)*(-36909)/(-6)?
0
Let g = 801 + -803. What is the tens digit of (28 - 29) + (-3356)/g?
7
Suppose -j = -5*j + 12. Suppose r + j*v - 6*v - 151 = 0, 4*r - 2*v - 594 = 0. Let w = -83 + r. What is the tens digit of w?
6
Let n be -5 + (-484)/(-24) + 2/(-12). Suppose -3*u + 8*u = n. Suppose 105 + 0 = u*r. What is the tens digit of r?
3
Let w = 27767 - 19710. What is the tens digit of w?
5
Let y = -595 + 595. Suppose 4*g + 2*t - 1038 = y, 5*g = -0*g - 3*t + 1296. What is the units digit of g?
1
Let c(b) 